e factors of 3448233225?
3, 5, 509, 30109
List the prime factors of 6473497152.
2, 3, 167, 201893
List the prime factors of 84982609.
17, 2089, 2393
What are the prime factors of 20532576?
2, 3, 213881
What are the prime factors of 78015949?
11, 229, 30971
What are the prime factors of 56744176?
2, 43, 67, 1231
List the prime factors of 506479542.
2, 3, 19, 43, 277, 373
What are the prime factors of 7968483324?
2, 3, 73782253
What are the prime factors of 29601750?
2, 3, 5, 29, 1361
List the prime factors of 73884098.
2, 31, 1191679
List the prime factors of 51948782.
2, 491, 52901
List the prime factors of 1324075735.
5, 769, 344363
What are the prime factors of 180825712?
2, 11301607
What are the prime factors of 305353458?
2, 3, 53, 331, 967
What are the prime factors of 118479406?
2, 59239703
List the prime factors of 4557066396.
2, 3, 3853, 98561
List the prime factors of 24594042.
2, 3, 11, 372637
What are the prime factors of 19566814?
2, 67, 146021
List the prime factors of 3120190950.
2, 3, 5, 1153, 18041
What are the prime factors of 186580413?
3, 31, 668747
List the prime factors of 21877852.
2, 5469463
List the prime factors of 6718314246.
2, 3, 7, 73, 197, 227
List the prime factors of 25095538.
2, 13, 103, 9371
List the prime factors of 14483726.
2, 967, 7489
What are the prime factors of 819814905?
3, 5, 7, 13, 66733
What are the prime factors of 570131647?
179, 3185093
What are the prime factors of 78921413?
47, 1223, 1373
List the prime factors of 1073167258.
2, 23, 83, 281081
What are the prime factors of 1968087631?
127, 15496753
List the prime factors of 2100838667.
67, 71, 441631
What are the prime factors of 1861150761?
3, 41, 71, 71039
What are the prime factors of 2074124666?
2, 2269, 457057
List the prime factors of 2665518817.
13, 13219, 15511
What are the prime factors of 186275025?
3, 5, 275963
What are the prime factors of 312590866?
2, 7, 17, 661, 1987
List the prime factors of 804304709.
13, 61869593
What are the prime factors of 1262724736?
2, 7, 13, 31, 269
List the prime factors of 16432129.
7, 2347447
What are the prime factors of 43992654?
2, 3, 337, 21757
List the prime factors of 220732965.
3, 5, 71, 23029
List the prime factors of 2108135139.
3, 11, 19, 1499, 2243
List the prime factors of 4762509.
3, 1587503
List the prime factors of 216845339.
216845339
What are the prime factors of 1746074350?
2, 5, 19, 1837973
What are the prime factors of 54364659?
3, 2371, 7643
What are the prime factors of 362797965?
3, 5, 67, 120331
List the prime factors of 1847991344.
2, 31, 37, 101, 997
List the prime factors of 355518686.
2, 607, 292849
List the prime factors of 122356999.
307, 398557
What are the prime factors of 4132504?
2, 516563
List the prime factors of 1811529.
3, 201281
List the prime factors of 1147553955.
3, 5, 25501199
What are the prime factors of 1465514167?
13, 37, 751, 4057
What are the prime factors of 45475746?
2, 3, 419, 18089
What are the prime factors of 15337125?
3, 5, 13633
List the prime factors of 187469150.
2, 5, 11, 281, 1213
List the prime factors of 2109990266.
2, 1054995133
What are the prime factors of 37954837?
19, 53, 37691
List the prime factors of 21979617.
3, 11, 79, 8431
List the prime factors of 1554160752.
2, 3, 379, 28477
List the prime factors of 2275839436.
2, 13, 17, 113, 22783
What are the prime factors of 306164506?
2, 153082253
List the prime factors of 3358889134.
2, 23, 73019329
List the prime factors of 168641400.
2, 3, 5, 281069
What are the prime factors of 127463122?
2, 63731561
What are the prime factors of 584079325?
5, 151, 154723
What are the prime factors of 115428461?
89, 1296949
What are the prime factors of 7229918447?
227, 31849861
List the prime factors of 606448298.
2, 83, 3653303
List the prime factors of 1721331185.
5, 7, 49180891
List the prime factors of 9000183605.
5, 7, 17, 53, 167, 1709
What are the prime factors of 75820856?
2, 9477607
What are the prime factors of 2647576741?
20731, 127711
What are the prime factors of 42456502?
2, 11, 1929841
What are the prime factors of 151718209?
47, 3228047
What are the prime factors of 422159145?
3, 5, 28143943
What are the prime factors of 491759562?
2, 3, 7, 83, 141067
What are the prime factors of 342465645?
3, 5, 4591, 4973
List the prime factors of 73195227.
3, 7, 1161829
List the prime factors of 3542554000.
2, 5, 139, 12743
List the prime factors of 34793560.
2, 5, 17, 19, 2693
What are the prime factors of 593564553?
3, 65951617
What are the prime factors of 61396201?
19, 3231379
List the prime factors of 255624489.
3, 971, 29251
What are the prime factors of 1460762358?
2, 3, 11, 22132763
What are the prime factors of 45222177?
3, 7, 11, 13, 37
List the prime factors of 160560799.
7, 73, 44887
List the prime factors of 33324230.
2, 5, 509, 6547
List the prime factors of 414028745.
5, 13, 383, 16631
What are the prime factors of 428370306?
2, 3, 7, 13, 784561
List the prime factors of 244082207.
4817, 50671
List the prime factors of 397120705.
5, 443, 179287
List the prime factors of 1262686651.
29, 1501411
List the prime factors of 66725421.
3, 7, 139, 22859
List the prime factors of 10385254.
2, 11, 472057
List the prime factors of 404980151.
1019, 397429
List the prime factors of 85670070.
2, 3, 5, 131, 21799
What are the prime factors of 1356245171?
1356245171
What are the prime factors of 1527949422?
2, 3, 73, 797, 1459
List the prime factors of 182105434.
2, 7, 757, 17183
List the prime factors of 1788636118.
2, 71, 12596029
What are the prime factors of 157112390?
2, 5, 1373, 11443
List the prime factors of 115513137.
3, 12834793
What are the prime factors of 17174076?
2, 3, 1431173
What are the prime factors of 690817953?
3, 7, 53, 199, 3119
List the prime factors of 1062159885.
3, 5, 113, 23209
List the prime factors of 145555047.
3, 11, 487, 3019
List the prime factors of 195896913.
3, 113, 577867
List the prime factors of 53631274.
2, 151, 257, 691
What are the prime factors of 106629434?
2, 53314717
List the prime factors of 335700763.
335700763
What are the prime factors of 955949765?
5, 29, 6592757
What are the prime factors of 253079156?
2, 11, 5751799
List the prime factors of 2504613321.
3, 7, 39755767
List the prime factors of 94922857.
94922857
List the prime factors of 83033939.
83033939
What are the prime factors of 258184219?
17, 467, 1913
What are the prime factors of 188246808?
2, 3, 871513
List the prime factors of 138617847.
3, 17, 905999
What are the prime factors of 3487297647?
3, 29, 211, 271, 701
List the prime factors of 571818213.
3, 63535357
What are the prime factors of 50914972?
2, 12728743
List the prime factors of 75108589.
2677, 28057
List the prime factors of 419277755.
5, 13, 6450427
What are the prime factors of 1142427685?
5, 7, 97, 336503
What are the prime factors of 61492681?
89, 690929
What are the prime factors of 63776604?
2, 3, 37, 379
What are the prime factors of 1040800133?
1040800133
What are the prime factors of 90549138?
2, 3, 37, 407879
List the prime factors of 151892098.
2, 75946049
What are the prime factors of 170812079?
127, 131, 10267
What are the prime factors of 264475079?
11, 19, 1265431
List the prime factors of 23765746.
2, 11882873
What are the prime factors of 2551777502?
2, 7043, 181157
What are the prime factors of 873619526?
2, 13, 311, 108041
What are the prime factors of 636257334?
2, 3, 17, 6237817
List the prime factors of 1702619459.
23, 74026933
List the prime factors of 3217130120.
2, 5, 80428253
What are the prime factors of 3408165783?
3, 11, 23, 1496779
What are the prime factors of 1541868547?
109, 1381, 10243
What are the prime factors of 27935607?
3, 7, 17, 4603
List the prime factors of 1710815820.
2, 3, 5, 7, 4073371
List the prime factors of 28133294.
2, 7, 127, 15823
List the prime factors of 299053752.
2, 3, 647, 19259
What are the prime factors of 4344168?
2, 3, 317, 571
List the prime factors of 619527110.
2, 5, 19, 3260669
List the prime factors of 1282374124.
2, 17, 3373, 5591
List the prime factors of 2513965852.
2, 2803, 224221
What are the prime factors of 4904179646?
2, 23, 719, 148279
List the prime factors of 178844187.
3, 107, 191, 2917
What are the prime factors of 415026375?
3, 5, 23, 481